-4*i + 4 = -4*l, l = 4 - 7. Is (-6)/i + (150 - -4) prime?
True
Let r = 6 + -4. Suppose -3*q + 2 = -r*g, g - 30 = -g - 5*q. Suppose 140 = 5*j + 2*a, -4*a + 50 = g*j - 100. Is j a prime number?
False
Is 8*(-2 + -161)*(-2)/8 prime?
False
Let s(o) = -14*o**3 + 3*o + 4. Let n be -1 - ((-3)/(-1) - 1). Is s(n) prime?
True
Let j(g) = -g**2 - g + 4. Suppose -2*m = 0, 4*m - 3*m = p + 4. Let z be j(p). Let u(d) = -d**3 - 8*d**2 - 7*d - 3. Is u(z) composite?
False
Suppose -3 = -2*l + l. Suppose 0 = 4*g + l - 15, -3*g + 10 = b. Let o(q) = 18*q + 1. Is o(b) prime?
True
Let g(a) = -4*a**2 - 4*a + 5. Let b be g(-4). Is (-2)/(3 + 131/b) composite?
False
Let g(p) = -3*p**2 - 3*p + 8. Let u(q) = -q**2 + q + 1. Let s(i) = g(i) - 4*u(i). Let o be s(7). Suppose -o*k + 370 = -2*k. Is k a composite number?
True
Suppose 2*q + 2*g = -3*q + 1171, -g = q - 236. Is q a prime number?
True
Let t = -5 + 7. Suppose -k - t*w - 86 = 56, -5*k = 5*w + 700. Is (12/(-18))/(2/k) prime?
False
Suppose -2*d + 15 = 3*d. Let y(c) = -c**2 + 8*c + 13. Let u be y(9). Suppose u*k - 4*i - 86 = -2*i, -d*i = 2*k - 55. Is k prime?
True
Suppose 8*g = 7*g + 1087. Is g a composite number?
False
Let i = 297 - -182. Suppose -i = -4*c - 131. Is c a composite number?
True
Suppose -2*x = -281 - 165. Is x composite?
False
Let s = 1964 - 847. Is s composite?
False
Let h be (2/(-4))/1*-570. Suppose -71 - h = -4*q. Is q prime?
True
Is 4/10 + (-9795)/(-75) a composite number?
False
Let x(v) = -25*v - 10. Is x(-17) a composite number?
True
Suppose -4*z = -1 - 43. Suppose 0 = 4*k - 2*s - 16, 0*s + 4*s = k - z. Suppose -k*x + 196 = x. Is x a prime number?
False
Suppose -4*d + 713 = -199. Suppose 3*z - 2*z = 3*a + d, -4*z = 3*a - 867. Is z a prime number?
False
Let h = -29 + 42. Is h composite?
False
Suppose -396 = -4*u + 3*a, -5*a + 170 + 194 = 4*u. Let t = u - 50. Is t prime?
False
Let u be (-6)/(-4)*40/12. Suppose -w - 206 = -4*w - k, u*k - 159 = -2*w. Is w a composite number?
False
Suppose -4*q - 5*a + 13 = -11, -12 = -2*q + 2*a. Suppose -4*b + q*b - 246 = 0. Is b composite?
True
Let f = -7 - 0. Let h be -6*1*(f - -3). Let p = h - -65. Is p a composite number?
False
Suppose r - 2*r = -4. Suppose r = -z + i - 3*i, 0 = -4*i - 20. Is z a prime number?
False
Suppose d + 0 = -4. Is ((-139)/4 + 3)*d prime?
True
Let o = -4 + 39. Is o composite?
True
Suppose -4*w + 2*r - 173 = 225, 5*w + 490 = 4*r. Let l = w + 46. Is ((2 - 5) + l)/(-1) a composite number?
False
Suppose -2*f = 2*x - 2, 5*x + 13 = 3. Suppose -3*h + 54 = 4*c, -5*c = f*h - 6*c - 39. Is h composite?
True
Suppose -3*f = 3*f - 180. Let u be 2/(-2)*-1*-1. Is f/3 - (-1 - u) composite?
True
Let u = -5 + 3. Is (-2 - 9)/(u/22) composite?
True
Let y = -47 - -110. Let k = -30 + y. Is k composite?
True
Is (145/80)/((-1)/44)*-4 a composite number?
True
Let f(a) = 65*a - 2. Let n be f(3). Suppose 0 = -4*x + 87 + n. Let z = 103 - x. Is z a composite number?
True
Suppose -562 = -5*l + 4*w, 3*l - 5*l - 2*w + 232 = 0. Suppose 3*m - l = 135. Is m a prime number?
True
Is 1758/4*10/15 composite?
False
Let p = 99 - -988. Is p prime?
True
Let i(n) = -20 + 16*n**3 + 20 - 85*n**3. Let f(l) = -l**2 + 7*l + 7. Let k be f(8). Is i(k) composite?
True
Let i be (-75)/(-2)*(-4)/(-6). Let d = 48 - i. Is d composite?
False
Suppose 2*q = 4*q - 92. Is q composite?
True
Let u = 0 - -4. Suppose 3*s - 419 = l, -4*l = s + u*s - 721. Is s a prime number?
False
Let h(l) = l - 1. Let v be h(5). Suppose -v*s = -0*s - 8. Suppose 0*t = s*t - 42. Is t composite?
True
Suppose -2*f + 2*a - 4 = 0, -4 = 4*f + 3*a - 3. Let m be (-140 - f)/(-1 + 2). Is 1/4 - m/4 prime?
False
Suppose 3*y = 5*t - 22, -y - 10 = -3*t - 0*y. Suppose 2*b + f = 5*f + 20, -t = b + 2*f. Suppose -3*a - 40 = -7*a - b*m, -15 = -5*m. Is a a composite number?
False
Let w(j) = 2*j + 557. Is w(0) a prime number?
True
Let k be 1 + (1 - -2)/(-1). Suppose 4*o = 7*p - 2*p + 14, -2*o = p. Is (k - -4)*o*61 a prime number?
False
Let y(k) = -k**3 + 2*k**2 + 7*k + 3. Is y(-5) prime?
False
Suppose -d + g + 20 = -19, d - 43 = 3*g. Is d prime?
True
Let i(y) = y**2 + 3 + 2 - 2. Suppose -4*c + 2*c - 12 = 0. Is i(c) a composite number?
True
Let f(z) = z**2 - 4*z + 77. Is f(0) composite?
True
Let q be (-4)/6 - (-5)/3. Suppose -n - 2*b = -0*n + q, 4 = 4*n + 4*b. Suppose -5 = p, 2*p - n*p - 80 = -5*m. Is m composite?
True
Suppose -5*q = -3*t - 208, -5*t + 5*q - 86 = -4*t. Suppose -2*o + 28 = 220. Let a = t - o. Is a a composite number?
True
Let o = 1 - -4. Suppose -o*h = -691 + 136. Is h a composite number?
True
Let f(u) = -2*u**3 - 5*u**2 + 2*u + 1. Let n be f(3). Let o(m) = m**2 - m - 54. Let a be o(0). Let t = a - n. Is t composite?
True
Suppose 2*c + 19 = 61. Is c composite?
True
Suppose -576 = -j + 115. Is j a composite number?
False
Suppose 2*d - 6 = 0, 4*k + 2*d = 5*k + 5. Suppose 3*y - k = 68. Is y composite?
False
Suppose 5*v = -4*x + 1145, -3*v - 4*x = -x - 684. Is v composite?
False
Let d(z) = 3*z**2 + 9*z - 2. Let v(r) = 1. Let o(b) = d(b) + 3*v(b). Is o(7) composite?
False
Let o = 9 + -5. Suppose -o*v = 0, -w + v = 5*v. Suppose t = -0*t - 5*f + 5, 3*t + 2*f - 41 = w. Is t prime?
False
Let f be 10791/36 + 2/8. Let w = f - -79. Is w a prime number?
True
Suppose 5*h + 3 = 13. Suppose 0 = 5*i - h*q - 2*q + 2, 19 = 2*i + 5*q. Suppose 0 = -3*b + 4*o + 91, 3*b + i*o = b + 84. Is b prime?
True
Let z = 8406 - 2441. Is z composite?
True
Is 14/(-77) - (-87762)/22 prime?
True
Let g be (-3)/(((-6)/(-4))/(-1)). Suppose 0 = 2*z - 8. Suppose -g*v + 3*v + z*k - 23 = 0, 3*k - 22 = -v. Is v composite?
False
Let i(t) = -t + 3*t - 4 + 6*t**2 + 2 + 0*t. Is i(-3) a composite number?
True
Let w = -76 + 225. Is w a prime number?
True
Suppose 7*z = 3*z + 5068. Is z composite?
True
Let n be ((-6)/4)/(18/3624). Let f = 513 + n. Is f a composite number?
False
Let s = 68 - -13. Let u = s + -26. Is u composite?
True
Let x be ((-15)/12)/(3/(-60)). Suppose x = 3*l - 8*l. Let u(n) = -n**3 - 2*n**2 + n - 5. Is u(l) composite?
True
Let c = 14 + -11. Suppose o = c*o - 74. Is o a composite number?
False
Let s = 1302 + -749. Is s prime?
False
Let v(h) = -13*h + 3. Let r(q) = 13*q - 3. Let c(g) = -5*r(g) - 4*v(g). Is c(-12) prime?
False
Suppose -4*q - 2*q + 15654 = 0. Is q a prime number?
True
Let k(d) = -3 + 174*d - 16 - 10. Let g(y) = -35*y + 6. Let h(v) = -29*g(v) - 6*k(v). Is h(-3) prime?
False
Suppose 3*j = -9, 3*z - z + 3*j - 3 = 0. Is 57 + (-4)/z*3 prime?
False
Let n(q) = q - 1. Let i(d) = -18*d + 7. Let m(l) = 2*i(l) + 10*n(l). Let c be m(-3). Suppose -5*h = -z - 0*z + c, 2*z + 2*h = 128. Is z composite?
False
Suppose 0 = -4*a + i + 8, -a - 2*i + 1 = -1. Suppose 0 = o - h - 115, 5*o = a*o + h + 341. Is o a prime number?
True
Suppose -g = 2*g + 6. Let a(m) = -18*m + 1. Is a(g) a composite number?
False
Let c = -14 - -22. Let x(p) = -p**3 + 8*p**2 - p + 5. Let y be x(7). Suppose y = j - c. Is j a prime number?
False
Let l(a) = -a**3 + 2*a**2 + a + 6485. Is l(0) composite?
True
Let x(g) be the third derivative of g**6/30 - g**3/6 - 4*g**2. Let t(n) = n - 2. Let l be t(4). Is x(l) prime?
True
Let d be (-6)/30 + 566/5. Suppose -46 = -2*v - 3*c - c, -5*c - d = -3*v. Is v a composite number?
False
Suppose 2757 = 5*d - 773. Is d a prime number?
False
Let a = 7 - 196. Let c = a - -276. Is c a composite number?
True
Suppose -8*d + 132 = -4*d. Suppose -3*g + 296 + d = 2*x, x + 4*g - 162 = 0. Is x prime?
False
Let n = -859 + 2072. Is n composite?
False
Let y(a) = 4*a - 6. Let c be y(7). Let q = c + -16. Suppose u = v - 14, 4*v - u + 43 = q*v. Is v prime?
True
Let u(p) = -3 - 3*p + 9 + p**2 + 2*p**3 - p**2 - 2*p**2. Let f be u(5). Suppose -5*l + f = -l - 5*c, 3*c = 5*l - 242. Is l composite?
True
Let k = 1 - 1. Let d = 1 - -19. Suppose k = 4*o - 32 - d. Is o prime?
True
Let y be 11/(0 + 3/27). Let p = 208 - y. Is p composite?
False
Let j(r) = r + 7. Let o be j(-7). Let z = -3 + o. Is (11 + 0)*(-2 - z) a prime number?
True
Let j(g) = 4*g - 1. Let i be j(1). Let h be (-2338)/(-9) + 4/18. Suppose -w + h = i*w. Is w a composite number?
True
Suppose m = -2*l + 116, 4*m - 2*l - 593 + 169 = 0. Let w = 175 - m. Is w a prime number?
True
Let s = 11 - 25. Is (-942)/s + (-4)/14 prime?
True
Is (3984/64)/(1/4) a prime number?
False
Let x = 51 + -14. Is x a prime number?
True
Let h = 35 - 59. L